{"id":2356,"date":"2015-12-18T19:00:23","date_gmt":"2015-12-18T19:00:23","guid":{"rendered":"http:\/\/bwindiorphans.org\/?page_id=2356"},"modified":"2024-09-18T10:10:28","modified_gmt":"2024-09-18T10:10:28","slug":"jednorazove-prispevky","status":"publish","type":"page","link":"https:\/\/bwindiorphans.org\/?page_id=2356","title":{"rendered":"Jednor\u00e1zov\u00e9 p\u0159\u00edsp\u011bvky"},"content":{"rendered":"<h1>Jednor\u00e1zov\u00e9 p\u0159\u00edsp\u011bvky<\/h1>\n<p><strong>Do projektu p\u0159ij\u00edm\u00e1me d\u011bti z&nbsp;nejchud\u0161\u00edch rodin a&nbsp;to znamen\u00e1, \u017ee \u017eij\u00ed doma ve velmi nuzn\u00fdch podm\u00ednk\u00e1ch. B\u011bhem \u0161koln\u00edch pr\u00e1zdnin nen\u00ed doma ani dost j\u00eddla. Sp\u00ed se na zemi na roho\u017ei a&nbsp;nen\u00ed se \u010d\u00edm p\u0159ikr\u00fdt. Rodiny nemaj\u00ed na opravu st\u0159echy nebo rozpadaj\u00edc\u00edho se domku. HIV pozitivn\u00ed d\u011bti pot\u0159ebuj\u00ed speci\u00e1ln\u00ed v\u00fd\u017eivu a&nbsp;kde na to vz\u00edt pen\u00edze? Nen\u00ed z&nbsp;\u010deho koupit pot\u0159ebn\u00e9 vybaven\u00ed, kdy\u017e d\u011bti nastupuj\u00ed na intern\u00e1tn\u00ed \u0161kolu. Jednor\u00e1zov\u00fdm finan\u010dn\u00edm darem jednu takovou situaci vy\u0159e\u0161\u00edte.<\/strong><\/p>\n<hr \/>\n<div class=\"block group\">\n<h2>Koza<br \/>\n<img decoding=\"async\" class=\"  alignright wp-image-2432\" src=\"http:\/\/bwindiorphans.org\/wp-content\/uploads\/2015\/12\/jednorazova_pomoc_koza_1000x1000.jpg\" alt=\"koza\" width=\"170\" \/><\/h2>\n<p>Pot\u0159ebn\u00e1 \u010d\u00e1stka:<b>\u00a02 000 K\u010d<\/b><\/p>\n<div class=\"bank-account\">\n<p>\u010c\u00edslo \u00fa\u010dtu: <strong>2600990422\/2010<\/strong><\/p>\n<\/div>\n<div class=\"var\">\n<p>v.s.:\u00a0<strong>5001<\/strong><\/p>\n<\/div>\n<div class=\"bank-image\"><img decoding=\"async\" class=\"aligncenter\" src=\"http:\/\/134.122.83.109\/bwindi\/wp-content\/uploads\/2020\/07\/cislo-uctu-2.png\" alt=\"\" \/><\/div>\n<p><span class=\"font-377884\">Koza funguje v&nbsp;Ugand\u011b podobn\u011b jako spo\u0159\u00edc\u00ed \u00fa\u010det v&nbsp;\u010cesku. Je to majetek, kter\u00fd pro chudou rodinu znamen\u00e1, \u017ee maj\u00ed \u0159e\u0161en\u00ed pro p\u0159\u00edpad, \u017ee p\u0159ijde nepl\u00e1novan\u00fd v\u00fddaj.<\/span><\/p>\n<hr \/>\n<h2>Slepice<\/h2>\n<h2><img decoding=\"async\" class=\"  alignright wp-image-2432\" src=\"http:\/\/bwindiorphans.org\/wp-content\/uploads\/2015\/12\/jednorazova_pomoc_slepice_1000x1000.jpg\" alt=\"slepice\" width=\"170\" \/><\/h2>\n<p>Pot\u0159ebn\u00e1 \u010d\u00e1stka:<b>\u00a0350 K\u010d<\/b><\/p>\n<div class=\"bank-account\">\n<p>\u010c\u00edslo \u00fa\u010dtu:\u00a0<strong>2600990422\/2010<\/strong><\/p>\n<\/div>\n<div class=\"var\">\n<p>v.s.:\u00a0<strong>5002<\/strong><\/p>\n<\/div>\n<div class=\"bank-image\"><img decoding=\"async\" class=\"aligncenter\" src=\"http:\/\/134.122.83.109\/bwindi\/wp-content\/uploads\/2020\/07\/cislo-uctu-2.png\" alt=\"\" \/><\/div>\n<p><span class=\"font-377884\">Maso je v&nbsp;chud\u00fdch rodin\u00e1ch velk\u00e1 vz\u00e1cnost a&nbsp;n\u011bkte\u0159\u00ed se k&nbsp;n\u011bmu dostanou jen jednou do roka.<\/span><\/p>\n<hr \/>\n<h2>Aktivity o&nbsp;pr\u00e1zdnin\u00e1ch a&nbsp;b\u011bhem volna<br \/>\n<img decoding=\"async\" class=\"  alignright wp-image-2432\" src=\"http:\/\/bwindiorphans.org\/wp-content\/uploads\/2015\/12\/jednorazova_pomoc_sportovni_aktivity_1000x1000.jpg\" alt=\"aktivity\" width=\"170\" \/><\/h2>\n<p>Pot\u0159ebn\u00e1 \u010d\u00e1stka:<b>\u00a0libovoln\u00fd p\u0159\u00edsp\u011bvek<\/b><\/p>\n<p><b><\/b>\u010c\u00edslo \u00fa\u010dtu:\u00a0<strong>2600990422\/2010<\/strong><\/p>\n<div class=\"var\">\n<p>v.s.:\u00a0<strong>5003<\/strong><\/p>\n<\/div>\n<div class=\"bank-image\"><img decoding=\"async\" class=\"aligncenter\" src=\"http:\/\/134.122.83.109\/bwindi\/wp-content\/uploads\/2020\/07\/cislo-uctu-2.png\" alt=\"\" \/><\/div>\n<p><span class=\"font-377884\">D\u011bti znaj\u00ed cestu do \u0161koly, \u0161koln\u00ed v\u00fduku, dom\u00e1c\u00ed pr\u00e1ce a&nbsp;pr\u00e1ci na poli. A&nbsp;pokud nejsou ve \u0161kole a&nbsp;nemus\u00ed pom\u00e1hat doma, toulaj\u00ed se po n\u00e1vsi. Abychom d\u011btem nab\u00eddli smyslupln\u00e9 tr\u00e1ven\u00ed voln\u00e9ho \u010dasu, vyu\u017e\u00edv\u00e1me budovu, kterou postavila spole\u010dnost Bwindi Coffee za podpory \u010cesk\u00e9 rozvojov\u00e9 agentury. M\u00e1me zde bezpe\u010dn\u011b uskladn\u011bn\u00e9 m\u00ed\u010de, dresy, kopa\u010dky, \u0161vihadla a&nbsp;pumpi\u010dky, kter\u00e9 si mohou p\u016fj\u010dit cestou na h\u0159i\u0161t\u011b. M\u00e1me elekt\u0159inu, stoly a&nbsp;\u017eidle, p\u016fj\u010dujeme knihy \u2013 m\u016f\u017eou tu \u010d\u00edst a&nbsp;u\u010dit se. Po\u0159\u00e1d\u00e1me p\u0159edn\u00e1\u0161ky a&nbsp;pl\u00e1nujeme prom\u00edt\u00e1n\u00ed dokument\u00e1rn\u00edch film\u016f.<\/span><\/p>\n<hr \/>\n<h2>Oprava domku<br \/>\n<img decoding=\"async\" class=\"alignright  wp-image-2556\" src=\"http:\/\/bwindiorphans.org\/wp-content\/uploads\/2015\/12\/jednorazova_pomoc_oprava_domku_2_1000x1000.jpg\" alt=\"plech\" width=\"170\" \/><\/h2>\n<p>Vlnit\u00fd plech na st\u0159echu:<strong>\u00a0350 K\u010d\/kus<br \/>\n<\/strong>Tr\u00e1my a&nbsp;h\u0159eb\u00edky na opravu mal\u00e9 st\u0159echy:<strong>\u00a01.300 K\u010d<br \/>\n<\/strong>Cement:<strong>\u00a0350 K\u010d\/pytel<br \/>\n<\/strong>Dve\u0159e:<strong>\u00a0900 K\u010d<\/strong><\/p>\n<p>\u010c\u00edslo \u00fa\u010dtu:\u00a0<strong>2600990422\/2010<\/strong><\/p>\n<p>v.s.:\u00a0<strong>5004<\/strong><\/p>\n<p><span class=\"font-377884\">Chud\u00e9 rodiny \u017eij\u00ed v&nbsp;jednoduch\u00fdch a&nbsp;chatrn\u00fdch domc\u00edch, kter\u00e9 se b\u011bhem sezony de\u0161\u0165\u016f velmi \u010dasto po\u0161kod\u00ed. Materi\u00e1l na opravu se mus\u00ed koupit a&nbsp;na to pen\u00edze nemaj\u00ed<\/span>.<\/p>\n<div class=\"block group\">\n<hr \/>\n<h2>Z\u00e1soba j\u00eddla\u00a0na pr\u00e1zdniny<\/h2>\n<\/div>\n<h2><img decoding=\"async\" class=\"alignright  wp-image-2556\" src=\"http:\/\/bwindiorphans.org\/wp-content\/uploads\/2015\/12\/jednorazova_pomoc_jidlo_na_prazdniny_1000x1000.jpg\" alt=\"j\u00eddlo\" width=\"170\" \/><\/h2>\n<p><strong>\u010c\u00e1stka za d\u00e1vku 2 500 K\u010d<\/strong><\/p>\n<ul>\n<li>kuku\u0159i\u010dn\u00e1 mouka (posho) 50 kg,<\/li>\n<li>fazole 20 kg,<\/li>\n<li>olej a&nbsp;s\u016fl<\/li>\n<\/ul>\n<p>\u010c\u00edslo \u00fa\u010dtu:\u00a0<strong>2600990422\/2010<\/strong><\/p>\n<p>v.s.: <strong>5005<\/strong><\/p>\n<div class=\"block group\">\n<p>B\u011bhem \u0161koln\u00edho roku dost\u00e1vaj\u00ed d\u011bti pravideln\u011b ve \u0161kole vydatn\u00fd ob\u011bd. Kuku\u0159i\u010dn\u00e1 ka\u0161e (posho) a&nbsp;fazolov\u00e1 om\u00e1\u010dka jim daj\u00ed v\u0161e, co ke zdrav\u00e9mu v\u00fdvoji pot\u0159ebuj\u00ed. Pr\u00e1zdniny v\u0161ak pro mnoh\u00e9 p\u0159edstavuj\u00ed hrozbu, \u017ee doma nebude co j\u00edst.<\/p>\n<hr \/>\n<h2>Pobyt na intern\u00e1t\u011b<br \/>\n<img decoding=\"async\" class=\"  alignright wp-image-2432\" src=\"http:\/\/bwindiorphans.org\/wp-content\/uploads\/2015\/12\/jednorazova_pomoc_vyssi_vzdelani_1000x1000.jpg\" alt=\"vzd\u011bl\u00e1n\u00ed\" width=\"170\" \/><\/h2>\n<p>Pot\u0159ebn\u00e1 \u010d\u00e1stka:<b> 5500 K\u010d<\/b><\/p>\n<p>\u010c\u00edslo \u00fa\u010dtu:\u00a0<strong>2600990422\/2010<\/strong><\/p>\n<div class=\"var\">\n<p>v.s.:\u00a0<strong>5006<\/strong><\/p>\n<\/div>\n<div class=\"bank-image\"><img decoding=\"async\" class=\"aligncenter\" src=\"http:\/\/134.122.83.109\/bwindi\/wp-content\/uploads\/2020\/07\/cislo-uctu-2.png\" alt=\"\" \/><\/div>\n<p><span class=\"font-377884\">D\u011bti bez rodi\u010d\u016f sice \u017eij\u00ed u&nbsp;p\u0159\u00edbuzn\u00fdch, ale jejich pozice v&nbsp;n\u00e1hradn\u00edch rodin\u00e1ch nen\u00ed v\u017edy dobr\u00e1.<br \/>\n<\/span>Rodinu nep\u0159esv\u011bd\u010d\u00edme, aby d\u00edt\u011b za\u010dali m\u00edt r\u00e1di a&nbsp;zach\u00e1zeli s&nbsp;n\u00edm slu\u0161n\u011b. V&nbsp;t\u011bchto p\u0159\u00edpadech je jedin\u00fdm \u0159e\u0161en\u00edm um\u00edstit d\u00edt\u011b na intern\u00e1t. Intern\u00e1tn\u00ed je tak\u00e9 posledn\u00ed ro\u010dn\u00edk z\u00e1kladn\u00ed \u0161koly a&nbsp;v\u0161echny \u0161koly vy\u0161\u0161\u00ed.<\/p>\n<\/div>\n<\/div>\n<hr \/>\n<h2>Matrace<\/h2>\n<div class=\"block group\">\n<h2><img decoding=\"async\" class=\"alignright  wp-image-2556\" src=\"http:\/\/bwindiorphans.org\/wp-content\/uploads\/2015\/12\/jednorazova_pomoc_matrace_1000x1000.jpg\" alt=\"matrace\" width=\"170\" \/><\/h2>\n<p>Pot\u0159ebn\u00e1 \u010d\u00e1stka:<strong>\u00a01500 K\u010d<br \/>\n<\/strong><\/p>\n<div class=\"bank-account\">\n<p>\u010c\u00edslo \u00fa\u010dtu:\u00a0<strong>2600990422\/2010<\/strong><\/p>\n<\/div>\n<div class=\"var\">\n<p>v.s.:\u00a0<strong>5007<\/strong><\/p>\n<\/div>\n<p>V\u00a0chud\u00fdch domc\u00edch se sp\u00ed v\u011bt\u0161inou jen na roho\u017ei na zemi. Matrace, povle\u010den\u00ed a&nbsp;deka poskytnou \u00fa\u017easn\u00e9 pohodl\u00ed a&nbsp;teplo a&nbsp;moskyti\u00e9ra velmi pot\u0159ebnou ochranu proti v\u0161udyp\u0159\u00edtomn\u00e9 mal\u00e1rii.<\/p>\n<\/div>\n<hr \/>\n<h2>Vybaven\u00ed na intern\u00e1t<br \/>\n<img decoding=\"async\" class=\"alignright  wp-image-2556\" src=\"http:\/\/bwindiorphans.org\/wp-content\/uploads\/2015\/12\/jednorazova_pomoc_vybava_na_stredni_1000x1000.jpg\" alt=\"matrace\" width=\"170\" \/><\/h2>\n<p>Pot\u0159ebn\u00e1 \u010d\u00e1stka:<b> 2700 K\u010d<\/b><\/p>\n<p>matrace, povle\u010den\u00ed, deka a&nbsp;moskyti\u00e9ra, plechov\u00fd zamykac\u00ed kufr, kanystr na vodu, kbel\u00edk, ru\u010dn\u00edk a&nbsp;m\u00fddlo.<\/p>\n<p>\u010c\u00edslo \u00fa\u010dtu:\u00a0<strong>2600990422\/2010<\/strong><\/p>\n<p>v.s.:\u00a0<strong>5008<\/strong><\/p>\n<hr \/>\n<h2>Speci\u00e1ln\u00ed v\u00fd\u017eiva pro HIV d\u011bti<br \/>\n<img decoding=\"async\" class=\"  alignright wp-image-2432\" src=\"http:\/\/bwindiorphans.org\/wp-content\/uploads\/2015\/12\/jednorazova_pomoc_jidlo_hiv_1000x1000.jpg\" alt=\"HIV\" width=\"170\" \/><\/h2>\n<p>Pot\u0159ebn\u00e1 \u010d\u00e1stka:<b>\u00a06600 K\u010d<\/b><\/p>\n<div class=\"bank-account\">\n<ul>\n<li><span class=\"font-377884\">ml\u00e9ko,<\/span><\/li>\n<li><span class=\"font-377884\">maso,<\/span><\/li>\n<li><span class=\"font-377884\">vejce,<\/span><\/li>\n<li><span class=\"font-377884\">zelenina,<\/span><\/li>\n<li><span class=\"font-377884\">ovoce<\/span><\/li>\n<\/ul>\n<p>\u010c\u00edslo \u00fa\u010dtu:\u00a0<strong>2600990422\/2010<\/strong><\/p>\n<\/div>\n<div class=\"var\">\n<p>v.s.:\u00a0<strong>5009<\/strong><\/p>\n<\/div>\n<div class=\"bank-image\"><img decoding=\"async\" class=\"aligncenter\" src=\"http:\/\/134.122.83.109\/bwindi\/wp-content\/uploads\/2020\/07\/cislo-uctu-2.png\" alt=\"\" \/><\/div>\n<p><span class=\"font-377884\">V&nbsp;projektu m\u00e1me mnoho sirotk\u016f, kter\u00fdm rodi\u010de zem\u0159eli v&nbsp;mlad\u00e9m v\u011bku, tedy velmi pravd\u011bpodobn\u011b na AIDS. Moment\u00e1ln\u011b m\u00e1me prokazateln\u011b 7 HIV pozitivn\u00edch d\u011bt\u00ed. Samotn\u00e1 l\u00e9\u010dba je d\u00edky pomoci zahrani\u010dn\u00edch humanit\u00e1rn\u00edch organizac\u00ed zdarma, ale d\u011btsk\u00fd organismus je pot\u0159eba udr\u017eovat co nejsiln\u011bj\u0161\u00ed, aby l\u00e9\u010dbu zvl\u00e1dl. Pom\u00e1h\u00e1 speci\u00e1ln\u00ed j\u00eddeln\u00ed\u010dek nad r\u00e1mec \u0161koln\u00edho ob\u011bda.<\/span><\/p>\n","protected":false},"excerpt":{"rendered":"<p>Jednor\u00e1zov\u00e9 p\u0159\u00edsp\u011bvky Do projektu p\u0159ij\u00edm\u00e1me d\u011bti z&nbsp;nejchud\u0161\u00edch rodin a&nbsp;to znamen\u00e1, \u017ee \u017eij\u00ed doma ve velmi nuzn\u00fdch podm\u00ednk\u00e1ch. B\u011bhem \u0161koln\u00edch pr\u00e1zdnin nen\u00ed doma ani dost j\u00eddla. Sp\u00ed se na zemi na roho\u017ei a&nbsp;nen\u00ed se \u010d\u00edm p\u0159ikr\u00fdt. Rodiny nemaj\u00ed na opravu st\u0159echy nebo rozpadaj\u00edc\u00edho se domku. HIV pozitivn\u00ed d\u011bti pot\u0159ebuj\u00ed speci\u00e1ln\u00ed v\u00fd\u017eivu a&nbsp;kde na to vz\u00edt pen\u00edze? [&hellip;]<\/p>\n","protected":false},"author":7,"featured_media":0,"parent":0,"menu_order":0,"comment_status":"closed","ping_status":"open","template":"","meta":[],"_links":{"self":[{"href":"https:\/\/bwindiorphans.org\/index.php?rest_route=\/wp\/v2\/pages\/2356"}],"collection":[{"href":"https:\/\/bwindiorphans.org\/index.php?rest_route=\/wp\/v2\/pages"}],"about":[{"href":"https:\/\/bwindiorphans.org\/index.php?rest_route=\/wp\/v2\/types\/page"}],"author":[{"embeddable":true,"href":"https:\/\/bwindiorphans.org\/index.php?rest_route=\/wp\/v2\/users\/7"}],"replies":[{"embeddable":true,"href":"https:\/\/bwindiorphans.org\/index.php?rest_route=%2Fwp%2Fv2%2Fcomments&post=2356"}],"version-history":[{"count":81,"href":"https:\/\/bwindiorphans.org\/index.php?rest_route=\/wp\/v2\/pages\/2356\/revisions"}],"predecessor-version":[{"id":4136,"href":"https:\/\/bwindiorphans.org\/index.php?rest_route=\/wp\/v2\/pages\/2356\/revisions\/4136"}],"wp:attachment":[{"href":"https:\/\/bwindiorphans.org\/index.php?rest_route=%2Fwp%2Fv2%2Fmedia&parent=2356"}],"curies":[{"name":"wp","href":"https:\/\/api.w.org\/{rel}","templated":true}]}}